{"id":115,"date":"2016-12-28T08:56:43","date_gmt":"2016-12-28T08:56:43","guid":{"rendered":"http:\/\/wtb-berlin.de\/?page_id=115"},"modified":"2016-12-28T14:24:37","modified_gmt":"2016-12-28T14:24:37","slug":"produkte","status":"publish","type":"page","link":"https:\/\/wtb-berlin.de\/?page_id=115","title":{"rendered":"Produkte"},"content":{"rendered":"<h3 id=\"led_leuchtreklame\">LED Leuchtreklame<\/h3>\n<p>LED&#8217;s haben viele Vorteile gegen\u00fcber Leuchtstofflampen oder Leuchtr\u00f6hren. Zu den wichtigsten geh\u00f6ren der geringe Stromverbrauch und eine Lebensdauer von bis zu 50.000 Betriebsstunden. Zudem kann mit ihnen eine gleichm\u00e4\u00dfigere und hellere Ausleuchtung realisiert werden. Gleichzeitig ist die Wartung wesentlich einfacher uns kosteng\u00fcnstiger. Kein Wunder also, dass Leuchtreklame mit LED&#8217;s zum Stand der Technik geworden sind. Wir bieten sowohl ausgeleuchtete Buchstaben und Logos als auch komplette Schriftz\u00fcge an. Zudem \u00fcbernehmen wir auch gern die <a href=\"https:\/\/wtb-berlin.de\/?page_id=118\/#led_umruestung\">Umr\u00fcstung<\/a> bestehender Anlagen.<\/p>\n<h3 id=\"3d_reklame\">3D-Reklame<\/h3>\n<p>Dreidimensionale Schriftz\u00fcge und Logos wirken nicht nur sehr eindrucksvoll, sie ziehen auch die meiste Aufmerksamkei auf sich. Wir fertigen und lackieren Ihnen den gew\u00fcnschten Schriftzug aus hochwertigen Mateialien. Dabei gehen wir von Planung bis Montage stark auf Ihre individuellen W\u00fcnsche und Vorstellungen ein. Neben der Ausleuchtung mit LED&#8217;s oder Neon bieten wie au\u00dferdem Fr\u00e4sbuchstaben, Acrylglas und Aluminiumschriftz\u00fcge an.<\/p>\n<h3 id=\"leuchtkaesten\">Leuchtk\u00e4sten<\/h3>\n<p>Neben ausgeleuchteten Schriftz\u00fcgen bieten wir selbstverst\u00e4ndlich auch Leuchtk\u00e4sten an. Diese variieren ebenfalls in Material, Ausleuchtung und Ausma\u00dfen. Leuchtk\u00e4sten haben den Vorteil, dass Sie ein beliebiges Motiv komplett oder teilweise ausleuchten k\u00f6nnen, um eine tolle Wirkung zu erzielen.<\/p>\n<h3 id=\"schilder\">Schilder<\/h3>\n<p>Schilder eignen sich bestens, um Ihre Kunden in die richtige Richtung zu lenken oder \u00fcber etwas zu informieren. Wie bei den anderen Produkten k\u00f6nne wir Schilder in diversen Materialien und Ausma\u00dfen herstellen. Zudem l\u00e4sst sich durch Hintergrundbeleichtung ein edler Akzent setzen.<\/p>\n<h3 id=\"digitaldruck_und_folienbeschriftung\">Digitaldruck und Folienbeschriftung<\/h3>\n<p>M\u00f6chten Sie Fahrzeuge, Schaufenster, Fahnen, Bauplanen o.\u00c4. beschriften? F\u00fcr solche Vorhaben eignen sich aufgebrachte Folien bzw. Digitaldruck.\u00a0 So haben Sie die M\u00f6glichkeit, beinahe jede Fl\u00e4che f\u00fcr sich zu nutzen.<\/p>\n<h3 id=\"sonderanfertigungen\">Sonderanfertigungen<\/h3>\n<p>Sollten Sie W\u00fcnsche haben, die nicht auf dieser Seite aufgef\u00fchrt wurden, <a href=\"https:\/\/wtb-berlin.de\/?page_id=19\">kommen Sie gern auf uns zu<\/a>. Wir haben bereits viele ausgefallene Projekte durchgef\u00fchrt und k\u00f6nnen Ihnen in den meisten F\u00e4llen helfen.<\/p>\n","protected":false},"excerpt":{"rendered":"<p>LED Leuchtreklame LED&#8217;s haben viele Vorteile gegen\u00fcber Leuchtstofflampen oder Leuchtr\u00f6hren. Zu den wichtigsten geh\u00f6ren der geringe Stromverbrauch und eine Lebensdauer von bis zu 50.000 Betriebsstunden. Zudem kann mit ihnen eine gleichm\u00e4\u00dfigere und hellere Ausleuchtung realisiert werden. Gleichzeitig ist die Wartung<\/p>\n","protected":false},"author":1,"featured_media":0,"parent":0,"menu_order":0,"comment_status":"closed","ping_status":"closed","template":"","meta":{"footnotes":""},"class_list":["post-115","page","type-page","status-publish","hentry"],"_links":{"self":[{"href":"https:\/\/wtb-berlin.de\/index.php?rest_route=\/wp\/v2\/pages\/115","targetHints":{"allow":["GET"]}}],"collection":[{"href":"https:\/\/wtb-berlin.de\/index.php?rest_route=\/wp\/v2\/pages"}],"about":[{"href":"https:\/\/wtb-berlin.de\/index.php?rest_route=\/wp\/v2\/types\/page"}],"author":[{"embeddable":true,"href":"https:\/\/wtb-berlin.de\/index.php?rest_route=\/wp\/v2\/users\/1"}],"replies":[{"embeddable":true,"href":"https:\/\/wtb-berlin.de\/index.php?rest_route=%2Fwp%2Fv2%2Fcomments&post=115"}],"version-history":[{"count":4,"href":"https:\/\/wtb-berlin.de\/index.php?rest_route=\/wp\/v2\/pages\/115\/revisions"}],"predecessor-version":[{"id":178,"href":"https:\/\/wtb-berlin.de\/index.php?rest_route=\/wp\/v2\/pages\/115\/revisions\/178"}],"wp:attachment":[{"href":"https:\/\/wtb-berlin.de\/index.php?rest_route=%2Fwp%2Fv2%2Fmedia&parent=115"}],"curies":[{"name":"wp","href":"https:\/\/api.w.org\/{rel}","templated":true}]}}